{"id":47,"date":"2020-01-12T17:15:58","date_gmt":"2020-01-12T17:15:58","guid":{"rendered":"http:\/\/www.xn--deine-lsung-dein-weg-99b.de\/?page_id=47"},"modified":"2022-05-27T14:14:17","modified_gmt":"2022-05-27T12:14:17","slug":"datenschutzerklaerung","status":"publish","type":"page","link":"https:\/\/www.xn--deine-lsung-dein-weg-99b.de\/?page_id=47","title":{"rendered":"Datenschutzerkl\u00e4rung"},"content":{"rendered":"\n<figure class=\"wp-block-table\"><table><tbody><tr><td><strong>Datenschutzerkl\u00e4rung<\/strong><br><br>Ich freue mich \u00fcber Ihren Besuch auf meiner Homepage.&nbsp;Ich nehme den Schutz Ihrer pers\u00f6nlichen Daten ernst und halte mich an die Regeln der gesetzlichen Vorgaben, insbesondere der Datenschutzgesetze. Die in dieser Erkl\u00e4rung verwendeten Begrifflichkeiten sind geschlechtsneutral zu verstehen und umfassen jeweils die weibliche und m\u00e4nnliche Form.&nbsp;Information \u00fcber die Erhebung personenbezogener Daten&nbsp;In dieser Datenschutzerkl\u00e4rung informiere ich Sie \u00fcber die Erhebung personenbezogener Daten bei Nutzung meiner Internetpr\u00e4senz. Personenbezogene Daten sind alle Daten, die auf Sie pers\u00f6nlich beziehbar sind, Beispielweise Ihr Name, Ihre Anschrift oder Ihre E-Mail-Adresse.&nbsp;Verantwortlicher gem. Art. 4 Abs. 7 EU-Datenschutz-Grundverordnung (DS-GVO) bin ich,&nbsp;Sandra White&nbsp;F\u00fcllenbachstr. 6&nbsp;40474 D\u00fcsseldorf&nbsp;sandrawhite1910@gmail.com&nbsp;Erhebung und Speicherung personenbezogener Daten bei Aufruf meiner Website&nbsp;Wenn Sie meine Internetpr\u00e4senz informatorisch nutzen &#8211; also lediglich betrachten -, erhebe ich bei deren Aufruf diejenigen personenbezogenen Daten, die Ihr Browser automatisch an den Server meiner Website \u00fcbermittelt. Diese Informationen werden tempor\u00e4r in einem sog. Logfile gespeichert.&nbsp;Anmerkung: Nur durch diese Datenerhebung ist es \u00fcberhaupt m\u00f6glich, dass Ihnen meine Homepage angezeigt wird. Dieser Vorgang ist rein technischer Natur.&nbsp;Folgende Informationen werden dabei ohne Ihr Zutun erfasst und bis zur automatisierten L\u00f6schung gespeichert:&nbsp;IP-Adresse des anfragenden Rechners Datum und Uhrzeit der Anfrage bzw. des Zugriffs, Zeitzonen Differenz zur Greenwich Mean Time (GMT)Inhalt der Anforderung (konkrete Seite)Name und URL der abgerufenen Datei Zugriffsstatus\/HTTP-Statuscode jeweils \u00fcbertragene Datenmenge Website, von der die Anforderung bzw. der Zugriff erfolgt (Referrer-URL)verwendeter Browser Betriebssystem Ihres Rechners und dessen Oberfl\u00e4che sowie der Name Ihres Access-Providers Sprache und Version der Browsersoftware&nbsp;Die genannten Daten verarbeite ich, um Ihnen meine Website anzuzeigen und dabei Stabilit\u00e4t und Sicherheit zu gew\u00e4hrleisten. Insbesondere um einen reibungslosen Verbindungsaufbau und eine komfortable Nutzung meiner Website sicherzustellen sowie f\u00fcr eine Auswertung der Systemsicherheit bzw. Systemstabilit\u00e4t und zu weiteren administrativen Zwecken.&nbsp;Die Rechtsgrundlage f\u00fcr die Datenverarbeitung bildet Art. 6 Abs. 1 S. 1 lit. f DS-GVO. Mein berechtigtes Interesse folgt aus den vorstehend aufgelisteten Zwecken zur Datenerhebung.&nbsp;F\u00fcr einzelne Funktionen meiner Website ben\u00f6tige ich die Mitwirkung von externen Dienstleistern. \u00dcber die jeweiligen Vorg\u00e4nge informiere ich Sie weiter unten in dieser Erkl\u00e4rung.&nbsp;Kontaktaufnahme&nbsp;F\u00fcr eine Kontaktaufnahme k\u00f6nnen Sie mir eine E-Mail zusenden. Sofern Sie dies w\u00fcnschen, k\u00f6nnen Sie hierzu eine E-Mailadresse verwenden, die keine R\u00fcckschl\u00fcsse auf Ihre Person zul\u00e4sst.&nbsp;Wenn Sie mir eine E-Mail schreiben speichere ich die von Ihnen mitgeteilten Daten (z.B. Ihre E-Mail-Adresse, ggf. Ihren Namen und Ihre Telefonnummer), um Ihre Fragen zu beantworten. Ist eine Speicherung nicht mehr erforderlich, l\u00f6sche ich die erhobenen personenbezogenen Daten. Falls eine gesetzliche Aufbewahrungspflicht besteht, schr\u00e4nke ich die Verarbeitung ein. Die Rechtsgrundlage f\u00fcr die Datenverarbeitung zum Zwecke der Kontaktaufnahme bildet Art. 6 Abs. 1 S. 1 lit. f DS-GVO.&nbsp;Ich m\u00f6chte Sie darauf hinweisen, dass eine Daten\u00fcbertragung per E-Mail Sicherheitsl\u00fccken aufweisen kann. Ein l\u00fcckenloser Schutz der Daten vor dem Zugriff durch Dritte ist hier nicht m\u00f6glich. Ich empfehle deshalb,&nbsp;gesundheitsbezogene Daten nicht per Email&nbsp;zu \u00fcbermitteln. Sofern Sie an einer verschl\u00fcsselten E-Mail-Korrespondenz interessiert sind, teilen Sie mir dies bitte mit.&nbsp;Weitergabe von Daten \/ Daten\u00fcbermittlung&nbsp;Ich \u00fcbermittele Ihre pers\u00f6nlichen Daten an Dritte ausschlie\u00dflich zu folgenden Zwecken:&nbsp;nach Erteilung einer ausdr\u00fccklichen Einwilligung gem\u00e4\u00df Art. 6 Abs. 1 S. 1 lit. a DSGVO,die Weitergabe ist nach Art. 6 Abs. 1 S. 1 lit. f DSGVO zur Geltendmachung, Aus\u00fcbung oder Verteidigung von Rechtsanspr\u00fcchen erforderlich und es besteht kein Grund zur Annahme, dass Sie ein \u00fcberwiegendes schutzw\u00fcrdiges Interesse an der Nichtweitergabe Ihrer Daten haben, falls f\u00fcr die Weitergabe nach Art. 6 Abs. 1 S. 1 lit. c DSGVO eine gesetzliche Verpflichtung besteht,sofern dies gesetzlich zul\u00e4ssig und nach Art. 6 Abs. 1 S. 1 lit. b DSGVO f\u00fcr die Abwicklung von Vertragsverh\u00e4ltnissen mit Ihnen erforderlich ist.&nbsp;Ihre Rechte&nbsp;&nbsp;&nbsp;&nbsp;&nbsp;Sie haben gegen\u00fcber mir Rechte hinsichtlich der Sie betreffenden &nbsp; &nbsp; &nbsp; &nbsp; &nbsp; &nbsp;&nbsp;&nbsp;&nbsp;&nbsp;personenbezogenen Daten. Hierbei handelt es sich um das:&nbsp;Recht auf Auskunft: gem\u00e4\u00df Art. 15 DSGVO k\u00f6nnen Sie Auskunft \u00fcber Ihre von mir verarbeiteten personenbezogenen Daten verlangen.Recht auf Berichtigung: gem\u00e4\u00df Art. 16 DSGVO k\u00f6nnen Sie unverz\u00fcglich die Berichtigung unrichtiger oder Vervollst\u00e4ndigung Ihrer bei mir gespeicherten personenbezogenen Daten verlangen.Recht auf L\u00f6schung: gem\u00e4\u00df Art. 17 DSGVO k\u00f6nnen Sie die L\u00f6schung Ihrer bei mir gespeicherten personenbezogenen Daten verlangen.Recht auf Einschr\u00e4nkung der Verarbeitung: gem\u00e4\u00df Art. 18 DSGVO k\u00f6nnen Sie die Einschr\u00e4nkung der Verarbeitung Ihrer bei mir gespeicherten personenbezogenen Daten verlangen.Recht auf Widerspruch gegen die Verarbeitung: gem\u00e4\u00df Art. 7 Abs. 3 DSGVO k\u00f6nnen Sie Ihre einmal erteilte Einwilligung jederzeit gegen\u00fcber mir widerrufen.Recht auf Daten\u00fcbertragbarkeit: gem\u00e4\u00df Art. 20 DSGVO k\u00f6nnen Sie verlangen, Ihre personenbezogenen Daten, die Sie mir bereitgestellt haben, in einem strukturierten, g\u00e4ngigen und Maschinen lesbaren Format zu erhalten oder die \u00dcbermittlung an einen anderen Verantwortlichen verlangen.Sie haben gem\u00e4\u00df Art. 77 DSGVO zudem das Recht, sich bei einer Datenschutz-Aufsichtsbeh\u00f6rde \u00fcber die Verarbeitung Ihrer personenbezogenen Daten durch mich zu beschweren.Cookies&nbsp;Neben den im Abschnitt \u201eErhebung und Speicherung personenbezogener Daten bei Aufruf meiner Website\u201c genannten Daten werden bei Ihrer Nutzung meiner Website sogenannte Cookies auf Ihrem Endger\u00e4t (Laptop, Tablet, Smartphone o.\u00e4.) gespeichert. Dies sind kleine Textdateien, die auf Ihrer Festplatte dem von Ihnen verwendeten Browser zugeordnet gespeichert werden; durch Cookies erh\u00e4lt die Stelle, die den Cookie setzt, bestimmte Informationen. Cookies dienen dazu, mein Internetangebot Nutzer freundlicher und effektiver zu machen. Ich erhalte durch Cookies nicht unmittelbar Kenntnis von Ihrer Identit\u00e4t. Cookies k\u00f6nnen keine Programme ausf\u00fchren oder Viren auf Ihren Computer \u00fcbertragen.&nbsp;Meine Website nutzt ausschlie\u00dflich Session-Cookies. Diese speichern eine sogenannte Session-ID, mit welcher sich verschiedene Anfragen Ihres Browsers der Sitzung zuordnen lassen. Durch Session-Cookies kann erkannt werden, dass Sie einzelne Seiten meiner Website bereits besucht haben. Die Session-Cookies werden automatisch gel\u00f6scht, wenn Sie meine Seite verlassen oder Ihren Browser schlie\u00dfen. Sie k\u00f6nnen die Cookies in den Sicherheitseinstellungen Ihres Browsers zudem jederzeit l\u00f6schen.&nbsp;Sie k\u00f6nnen meine Webseite auch ohne Cookies besuchen. Sie m\u00fcssen hierzu Ihre Browser-Einstellung so konfigurieren, dass die Annahme von Cookies unterbleibt. In diesem Fall k\u00f6nnen Sie m\u00f6glicherweise nicht alle Funktionen meiner Website nutzen.&nbsp;Die durch Cookies verarbeiteten Daten sind f\u00fcr die genannten Zwecke zur Wahrung meiner berechtigten Interessen sowie der Dritter nach Art. 6 Abs. 1 S. 1 lit. f DSGVO erforderlich.&nbsp;\u00dcber Cookies, die durch m\u00f6glicherweise eingebundene Dienste (z.B. YouTube) gesetzt werden, informiere ich Sie unter sp\u00e4ter in dieser Erkl\u00e4rung.&nbsp;Weitere Funktionen und Angebote meiner Website \/ Einbindung von Diensten und Inhalten Dritter (Plug-in-Anbieter)&nbsp;Neben der rein informatorischen (betrachtenden) Nutzung unserer Website bieten wir verschiedene Leistungen an, die Sie bei Interesse aktiv nutzen k\u00f6nnen. Hierdurch werden weitere Datenverarbeitungsvorg\u00e4nge ausgel\u00f6st. Sie m\u00fcssen in der Regel weitere personenbezogene Daten angeben; diese werden verwendet, um die jeweilige Leistung zu erbringen. Die Nutzung der nachfolgenden Dienste setzt voraus, dass die Drittanbieter Ihre IP-Adresse erfahren; ohne die IP-Adresse k\u00f6nnen die Inhalte nicht an Ihren Browser \u00fcbermittelt werden.<br>Folgende Angebote \/ Dienste von Drittfirmen sind auf unserer Internetpr\u00e4senz eingebunden. Die nachfolgend beschriebenen Datenverarbeitungen sind zur Wahrung unserer berechtigten Interessen sowie der Dritter nach Art. 6 Abs. 1 S. 1 lit. f DSGVO erforderlich. Diese liegen insbesondere in der Optimierung und komfortablen Nutzung unserer Website sowie der Gestaltung unserer Internetpr\u00e4senz. Die Einbindung ist jeweils erforderlich, um die Angebote der Drittanbieter auf unserer Internetpr\u00e4senz nutzen zu k\u00f6nnen.&nbsp;&nbsp;&nbsp;Widerspruch oder Widerruf gegen die Verarbeitung Ihrer Daten&nbsp;Sofern ich Ihre personenbezogenen Daten auf Grundlage von berechtigten Interessen gem\u00e4\u00df Art. 6 Abs. 1 S. 1 lit. f DSGVO verarbeite, k\u00f6nnen Sie gem\u00e4\u00df Art. 21 DS-GVO Widerspruch gegen die Verarbeitung Ihrer personenbezogenen Daten einlegen. In diesem Fall teilen Sie mir bitte die Gr\u00fcnde &#8211; die sich aus Ihrer besonderen Situation ergeben &#8211; mit, aufgrund derer ich Ihre personenbezogenen Daten nicht verarbeiten soll. Nach Pr\u00fcfung Ihres Widerspruchs stelle ich entweder die Datenverarbeitung ein, passe diese an oder f\u00fchre die Verarbeitung fort. In zuletzt genannten Fall lege ich Ihnen meine zwingenden schutzw\u00fcrdigen Gr\u00fcnde dar.&nbsp;Der Verarbeitung Ihrer personenbezogenen Daten f\u00fcr Zwecke der Werbung und\/oder Datenanalyse k\u00f6nnen Sie jederzeit ohne Angabe von Gr\u00fcnden widersprechen. Ihr diesbez\u00fcgliches Widerspruchsrecht setze ich um; die Angabe von Gr\u00fcnden ist hierzu nicht erforderlich.&nbsp;Falls Sie eine Einwilligung zur Verarbeitung Ihrer Daten erteilt haben, k\u00f6nnen Sie diese jederzeit mit Wirkung f\u00fcr die Zukunft widerrufen.&nbsp;Zur Aus\u00fcbung Ihres Widerrufs- oder Widerspruchsrecht richten Sie eine E-Mail an folgende Adresse: sandrawhite1910@gmail.com<br>\u00dcber Ihren Widerspruch oder Widerruf k\u00f6nnen Sie mich auch unter folgenden Kontaktdaten informieren:&nbsp;Sandra White&nbsp;F\u00fcllenbachstr. 6&nbsp;40474 D\u00fcsseldorf&nbsp;&nbsp;Weitere Fragen&nbsp;Konnte meine Datenschutzerkl\u00e4rung eine Ihrer Fragen nicht beantworten? W\u00fcnschen Sie zu einem Punkt weitere Informationen? Dann lassen Sie mich dies wissen. Ich gebe Ihnen jederzeit gern weitere Auskunft. F\u00fcr alle Anfragen zum Datenschutz wenden Sie sich bitte an folgende E-Mail-Adresse: sandrawhite1910@gmail.com<\/td><\/tr><\/tbody><\/table><\/figure>\n","protected":false},"excerpt":{"rendered":"<p>Datenschutzerkl\u00e4rung Ich freue mich \u00fcber Ihren Besuch auf meiner Homepage.&nbsp;Ich nehme den Schutz Ihrer pers\u00f6nlichen Daten ernst und halte mich an die Regeln der gesetzlichen Vorgaben, insbesondere der Datenschutzgesetze. Die in dieser Erkl\u00e4rung verwendeten Begrifflichkeiten sind geschlechtsneutral zu verstehen und<\/p>\n","protected":false},"author":5,"featured_media":0,"parent":0,"menu_order":0,"comment_status":"closed","ping_status":"closed","template":"","meta":{"footnotes":""},"class_list":["post-47","page","type-page","status-publish","hentry"],"jetpack_sharing_enabled":true,"_links":{"self":[{"href":"https:\/\/www.xn--deine-lsung-dein-weg-99b.de\/index.php?rest_route=\/wp\/v2\/pages\/47","targetHints":{"allow":["GET"]}}],"collection":[{"href":"https:\/\/www.xn--deine-lsung-dein-weg-99b.de\/index.php?rest_route=\/wp\/v2\/pages"}],"about":[{"href":"https:\/\/www.xn--deine-lsung-dein-weg-99b.de\/index.php?rest_route=\/wp\/v2\/types\/page"}],"author":[{"embeddable":true,"href":"https:\/\/www.xn--deine-lsung-dein-weg-99b.de\/index.php?rest_route=\/wp\/v2\/users\/5"}],"replies":[{"embeddable":true,"href":"https:\/\/www.xn--deine-lsung-dein-weg-99b.de\/index.php?rest_route=%2Fwp%2Fv2%2Fcomments&post=47"}],"version-history":[{"count":3,"href":"https:\/\/www.xn--deine-lsung-dein-weg-99b.de\/index.php?rest_route=\/wp\/v2\/pages\/47\/revisions"}],"predecessor-version":[{"id":340,"href":"https:\/\/www.xn--deine-lsung-dein-weg-99b.de\/index.php?rest_route=\/wp\/v2\/pages\/47\/revisions\/340"}],"wp:attachment":[{"href":"https:\/\/www.xn--deine-lsung-dein-weg-99b.de\/index.php?rest_route=%2Fwp%2Fv2%2Fmedia&parent=47"}],"curies":[{"name":"wp","href":"https:\/\/api.w.org\/{rel}","templated":true}]}}